mainder when 55 is divided by a?
17
Let s be (7/2 - 3)*-4. What is the remainder when 91 is divided by ((-2)/4)/(s/92)?
22
Let y = 0 - -2. Suppose -y*x - 3*x = -115. Calculate the remainder when x is divided by 8.
7
Suppose -g + 42 - 6 = 0. Suppose g = 3*p - 15. Calculate the remainder when 50 is divided by p.
16
Suppose -3*m = -p + 41, 0 = -p + m + 30 + 3. Suppose f - 5 - 5 = 0. Calculate the remainder when p is divided by f.
9
Suppose 0 = 2*s - 15 - 3. Suppose 0*c - 8 = -4*c, 5*j - 3*c - s = 0. Suppose -r = j*r - 104. Calculate the remainder when r is divided by 14.
12
Let b(f) = -f + 4. Let w be b(5). Let m(i) = -25*i. What is the remainder when m(w) is divided by 13?
12
Let x(h) = -h**2 + 9*h + 8. What is the remainder when 21 is divided by x(9)?
5
Let k(z) = z**3 + 23*z**2 - 3*z - 10. Calculate the remainder when k(-23) is divided by 22.
15
Suppose -w - 68 = -2*l, 0 = 4*l - 4*w - w - 142. What is the remainder when 64 is divided by l?
31
Suppose q = 3 + 2. Let n(h) = 3*h - 8. Calculate the remainder when n(7) is divided by q.
3
Suppose 0*c = -3*c - 81. Let h = -16 - c. Suppose h + 17 = 4*d. Calculate the remainder when 20 is divided by d.
6
Let z = 6 + -9. Let w = z - -6. Suppose -2*p + 5 = -5. What is the remainder when p is divided by w?
2
Suppose -4*i - 5 = -3*r + 3, -5*r - 4*i + 24 = 0. Calculate the remainder when 6 is divided by r.
2
Suppose 49 + 156 = 5*o. Suppose 2*p + 2*p - 5*f - o = 0, 5*f - 15 = 0. What is the remainder when 26 is divided by p?
12
Suppose -156 = -4*i - 5*o, 112 = 3*i - o + 6*o. Let u = 0 + i. What is the remainder when u is divided by 23?
21
Let s = 21 + -17. What is the remainder when 30 - 0/(s/(-4)) is divided by 11?
8
Let o = 21 + 62. Calculate the remainder when o is divided by 17.
15
Let g = 123 - 89. What is the remainder when 169 is divided by g?
33
Let w be ((-1 - 5)/(-2))/1. Let l = 5 - w. Suppose 1 - 11 = -l*i. What is the remainder when 9 is divided by i?
4
Let l(d) = -13*d**2 - 7*d - 4. Let h(r) = -6*r**2 - 3*r - 2. Let t(y) = -5*h(y) + 2*l(y). What is the remainder when t(2) is divided by 11?
9
Suppose 0 = -4*b + 199 - 27. What is the remainder when b is divided by 11?
10
Suppose -85 = -13*d + 2918. What is the remainder when d is divided by 47?
43
Let o(x) be the first derivative of -x**2 + 4*x - 5. What is the remainder when 29 is divided by o(-6)?
13
Let b = 26 - 21. What is the remainder when b is divided by 3?
2
Suppose -12*p + 40 = x - 17*p, 0 = -5*x + p + 80. Suppose -165 = -4*a + a - 4*k, 0 = 4*a - 5*k - 251. Calculate the remainder when a is divided by x.
14
Let w(g) = 2*g - 9. Let i be w(-7). Let b = i - -25. What is the remainder when b is divided by 2?
0
Let w be 6/3 + (3 - -5). Let x = -6 + w. Suppose -4*y + 2*y = -20. What is the remainder when y is divided by x?
2
Let i be -1 - 0 - (2 - 8). Calculate the remainder when ((-4)/5)/((-1)/i) is divided by 3.
1
Let i(k) = 6*k - 15. What is the remainder when i(6) is divided by 8?
5
Let c = 3 + 0. Calculate the remainder when ((-2)/c)/(1/(-87)) is divided by 15.
13
Calculate the remainder when 3 + 32*(-1)/(-2) is divided by 7.
5
Suppose -12 = 4*r - 0. Suppose 0 = -3*u - 15 + 321. What is the remainder when 1*2 - u/r is divided by 19?
17
Suppose 4*c + 1 = 37. Calculate the remainder when 16 is divided by c.
7
Let p(o) = 2*o**2 - 11*o - 1. Let c be p(9). Suppose 5*s + 32 + c = 3*x, 5*s = -25. What is the remainder when 67 is divided by x?
21
Let l be -46 + -1 + (1 - 0). Let q = l + 1. Let f = -26 - q. What is the remainder when f is divided by 10?
9
Suppose -5*p + 44 + 60 = 3*z, -z = 2*p - 34. What is the remainder when 187 is divided by z?
35
Let i be (-23)/(-3) - 3/(-9). What is the remainder when 41 is divided by -12*i/(-6) + -2?
13
Suppose 0 = 4*m + 8, -2*m + 131 = 3*c + 2*c. Calculate the remainder when 80 is divided by c.
26
Let y(i) = i**3 + 8*i**2 - 10*i - 5. Let d be y(-9). Suppose 4 = g - w, w = 3*g - 2 - d. Calculate the remainder when 1 is divided by g.
0
Let y(c) = 3*c - 8. Calculate the remainder when y(8) is divided by 6.
4
Suppose 0 = -0*i - 3*i + 12. Suppose -2*o = -i*o - 4*g + 30, 0 = -o + 2*g - 1. What is the remainder when 1/(-2 - (-54)/26) is divided by o?
6
Let v = 0 + 10. Calculate the remainder when 39 is divided by v.
9
Let q be (2 + -4)*14/(-4). Let j = q + 4. Calculate the remainder when j is divided by 3.
2
What is the remainder when (-316)/(-10) - (-36)/90 is divided by 12?
8
Let i(h) = -h**3 + 5*h**2 - 3*h - 1. Let c be i(3). Suppose c = -3*g + 23. Calculate the remainder when 14 is divided by g.
4
Let g(j) = -j**2 - 3*j - 3. Let t(z) = -z**3 + 5*z**2 + z - 7. Let h be t(5). Let k be g(h). What is the remainder when 2 is divided by (-2 - k) + 7 + -4?
0
Suppose -2 - 4 = -2*o. Suppose 5 - 29 = -o*f. Calculate the remainder when 31 is divided by f.
7
Let o(p) = -3*p. Let s be o(-5). Suppose -3*y = -0*y - s, 5*n - 30 = -2*y. Suppose 5 = -v, 0*c - 4*v = n*c - 8. What is the remainder when 13 is divided by c?
6
Suppose -20 = 5*k, -5*m + 2*k - k + 199 = 0. Calculate the remainder when m is divided by 15.
9
Suppose -9 = 4*g - 37. Suppose 0 = -3*x + 6*x + 18. Let u = x - -10. Calculate the remainder when g is divided by u.
3
Let n be (-2)/1*2 + 3. What is the remainder when (n/3)/((-4)/372) is divided by 8?
7
What is the remainder when 19 is divided by ((-99)/18)/(2/(-4))?
8
Suppose -k + 25 = 4*k. What is the remainder when 18 is divided by k?
3
Let t be (-2 - -4) + -1*9. Let i = -3 - t. Calculate the remainder when (5 + -1)*(-6)/(-4) is divided by i.
2
Let t = 330 - 216. What is the remainder when t is divided by 29?
27
What is the remainder when 13 is divided by (8/(-5))/((-1)/5)?
5
Let f(w) = -w**2 + 16*w - 5. Calculate the remainder when 37 is divided by f(15).
7
Let l = -39 - -56. Let i(n) be the third derivative of -n**6/120 + n**5/10 + n**4/24 + 2*n**2. What is the remainder when l is divided by i(6)?
5
Let y(j) = 42*j**2. Let f be y(-1). Let w(k) = 26*k + 2. Let i be w(2). Suppose 3*b = f + i. Calculate the remainder when b is divided by 11.
10
Let n(h) = 119*h. Let g be n(1). Let j = g - 85. Calculate the remainder when j is divided by 4/14 - 328/(-28).
10
Let c = -6 - -15. Suppose -u + 1 + c = 0. What is the remainder when 28 is divided by u?
8
Suppose -201 = -2*r - r. What is the remainder when r is divided by 14?
11
Let l = -4 + 22. Calculate the remainder when (12/l)/(4/138) is divided by 6.
5
Let m be (-9)/(-6) - 538/4. Let r = m + 199. What is the remainder when r is divided by 23?
20
Suppose 1 = -2*r + r. Let w(h) = 30*h**2 - h - 1. Let u(k) = -k + 16. What is the remainder when w(r) is divided by u(0)?
14
Let i(f) = -f**3 - f - 1. Calculate the remainder when 56 is divided by i(-3).
27
Let w = 9 - 8. What is the remainder when 5 is divided by w?
0
Let g = 42 - -21. Calculate the remainder when g is divided by 33.
30
Suppose -4*p + 6*p = 156. Calculate the remainder when p is divided by 20.
18
Suppose 3*s = 6*s - 132. Suppose -4*x + 55 = x + 2*a, a + s = 4*x. What is the remainder when 21 is divided by x?
10
Let m(d) = -d**2 - 19*d - 11. What is the remainder when m(-17) is divided by 13?
10
Let o(j) = j - 6. Calculate the remainder when 59 is divided by o(18).
11
Let n = 49 - 29. Suppose -f = -3*f + n. Let h(z) = 3*z + 17. Calculate the remainder when h(0) is divided by f.
7
Let v(t) = 2*t**2 + 3*t. Let c be v(-2). Suppose -44 = -5*d - 2*h, -3*d + 21 + 15 = -c*h. Calculate the remainder when d is divided by 4.
2
Suppose 4*x + 67 - 23 = 0. Let o = 14 + x. Calculate the remainder when 4 is divided by o.
1
Suppose -24 - 10 = -2*m. Suppose -12 = 3*x + 2*g - 103, 0 = 5*x - g - 169. What is the remainder when x is divided by m?
16
Suppose -2*t - 35 = m + 2*m, 0 = -5*t - 2*m - 93. Let a = 23 - t. Calculate the remainder when a is divided by 11.
9
Let b(x) = -5*x - 78. What is the remainder when b(-27) is divided by 21?
15
Suppose -3*b = -b - 140. What is the remainder when b is divided by (24/18)/((-4)/(-72))?
22
Let p(l) = 2 + l**2 + 4*l - 2*l**2 - l**3 + 0*l. Suppose -3*w = -10*w + 84. Calculate the remainder when p(-4) is divided by w.
10
Let b(p) = p - 3. Calculate the remainder when 68 is divided by b(15).
8
Let z be 2*6/4*1. Suppose 0 = -z*c + c + 20. Let k(n) = n + 40. What is the remainder when k(-1